 9, what is -687 + -5?
-703
In base 14, what is 3 - -9?
c
In base 7, what is 3 - 235?
-232
In base 12, what is 116 - 0?
116
In base 11, what is -11 - 38?
-49
In base 11, what is -28 + -7?
-34
In base 11, what is -8 + -36?
-43
In base 3, what is -2 + -122?
-201
In base 8, what is 115 + 14?
131
In base 15, what is 6 - -17?
1d
In base 11, what is 1 + -45?
-44
In base 4, what is 111 - -31?
202
In base 6, what is 54 - 2?
52
In base 13, what is 53 - -1?
54
In base 6, what is 2 - -30441?
30443
In base 15, what is -46 - -5?
-41
In base 16, what is b6 + 5?
bb
In base 5, what is -3 - -211?
203
In base 3, what is -221 + 2?
-212
In base 12, what is -54 + -34?
-88
In base 9, what is -8 - -80?
71
In base 12, what is -47b - 2?
-481
In base 16, what is -5 - 63?
-68
In base 12, what is 3 + -598?
-595
In base 3, what is 20 - -1222201?
1222221
In base 13, what is 4c2 - -8?
4ca
In base 6, what is 115042 - -1?
115043
In base 2, what is 111011110 + -100?
111011010
In base 3, what is 200021 + 101?
200122
In base 7, what is -2 + -3260?
-3262
In base 12, what is 135 + 0?
135
In base 15, what is -3 - -16?
13
In base 8, what is 12 - 4?
6
In base 14, what is -36 - -20?
-16
In base 16, what is -287a - 5?
-287f
In base 9, what is 12 - -2?
14
In base 4, what is 1320 - -303?
2223
In base 10, what is 13 - 105?
-92
In base 7, what is -465 + -211?
-1006
In base 13, what is 3 + -230?
-22a
In base 2, what is 10010100 + -11?
10010001
In base 9, what is 1 + -284?
-283
In base 12, what is 3 + -356?
-353
In base 13, what is 223 + -1?
222
In base 15, what is -10d8 - -1?
-10d7
In base 14, what is 501 + 2?
503
In base 2, what is 10011110001 + 10?
10011110011
In base 4, what is 3 - 12333?
-12330
In base 9, what is 51 + -152?
-101
In base 2, what is 1000110001 + -101?
1000101100
In base 16, what is -b9 - 0?
-b9
In base 3, what is -1122201 + 2?
-1122122
In base 5, what is 32 + 10?
42
In base 4, what is 23 - -311?
1000
In base 2, what is 1010110000001 + -1?
1010110000000
In base 8, what is -606 + -17?
-625
In base 2, what is -1000110001 + 100?
-1000101101
In base 16, what is 301 + -2?
2ff
In base 13, what is -1a0 + 4?
-199
In base 10, what is 1694 - 1?
1693
In base 14, what is -3 - 46?
-49
In base 9, what is 3 - 76?
-73
In base 9, what is 11 - -421?
432
In base 7, what is 43 - 1226?
-1153
In base 11, what is 208 - 1?
207
In base 11, what is 3010 - -3?
3013
In base 6, what is -2 - -4405?
4403
In base 10, what is 1 - 17?
-16
In base 10, what is 4 - 3710?
-3706
In base 16, what is 4 - -145?
149
In base 16, what is -8 + -79?
-81
In base 12, what is 5 - 119?
-114
In base 4, what is 10220 - 1?
10213
In base 10, what is -453 - 5?
-458
In base 4, what is 1330103 + -2?
1330101
In base 3, what is -112 - -112000?
111111
In base 11, what is 3 + 174?
177
In base 16, what is 1e - -3?
21
In base 9, what is 5 + -77?
-72
In base 3, what is 12101 + 20?
12121
In base 11, what is -6 - 44?
-4a
In base 7, what is -11 - 43?
-54
In base 3, what is 1121102 - -2?
1121111
In base 15, what is 12 - -b?
1d
In base 3, what is -20 - -11011011?
11010221
In base 3, what is -1022002 + -2?
-1022011
In base 8, what is -14760 - 2?
-14762
In base 10, what is 68 + 19?
87
In base 13, what is -1211 + 7?
-1207
In base 12, what is -150 - 3?
-153
In base 15, what is -9 - -1db?
1d2
In base 12, what is 513 + -8?
507
In base 16, what is -6d34 - 3?
-6d37
In base 14, what is 88 - -3?
8b
In base 15, what is 3 - -15ec?
1600
In base 16, what is 4 + -12c?
-128
In base 8, what is -1 - -122?
121
In base 3, what is 1102 - 1?
1101
In base 12, what is -18 + -5?
-21
In base 11, what is 58 + -5?
53
In base 10, what is 16 - -429?
445
In base 16, what is 7a + -1?
79
In base 4, what is 22 - 2201?
-2113
In base 15, what is -23 - -38?
15
In base 10, what is -36 + 1?
-35
In base 4, what is 2330 + -10?
2320
In base 11, what is 5660 + -4?
5657
In base 6, what is 543 - -11?
554
In base 10, what is -38 - 59?
-97
In base 5, what is 113110 + 0?
113110
In base 15, what is -71 + 5?
-6b
In base 12, what is -ba6a - 0?
-ba6a
In base 13, what is -1 - 902?
-903
In base 16, what is -3d0 - -2?
-3ce
In base 13, what is 245 - 3?
242
In base 6, what is 15342 - -4?
15350
In base 13, what is 3 - -5?
8
In base 16, what is 7 + -67?
-60
In base 12, what is 5 - -24a?
253
In base 15, what is 2 + 89?
8b
In base 3, what is 12 + 1220101?
1220120
In base 3, what is 2 - 100110?
-100101
In base 10, what is -350 + -3?
-353
In base 3, what is -12 - -1022?
1010
In base 13, what is 10 + -47?
-37
In base 3, what is -10 - 1010?
-1020
In base 12, what is -1 + -22?
-23
In base 13, what is -609 - -3?
-606
In base 11, what is 24 - 2?
22
In base 16, what is -3a2 - 5?
-3a7
In base 3, what is -21 - 112200?
-112221
In base 8, what is 0 + -50?
-50
In base 6, what is -33 + -5?
-42
In base 7, what is 540 - 2?
535
In base 8, what is 564 - -1?
565
In base 10, what is 114 - 160?
-46
In base 12, what is 2 + -47?
-45
In base 13, what is 64 - 5?
5c
In base 5, what is -1032 + -10?
-1042
In base 6, what is -3 + 231?
224
In base 12, what is -5 + 8?
3
In base 13, what is -9 + 17?
b
In base 15, what is 3c + -68?
-2b
In base 2, what is -10101000 + -11?
-10101011
In base 5, what is -10 - -22?
12
In base 12, what is -3 + 1aa3?
1aa0
In base 5, what is -2 + -40?
-42
In base 16, what is -5 - 21b?
-220
In base 4, what is -3333 + 1?
-3332
In base 16, what is -2e + -43?
-71
In base 9, what is 0 + 258?
258
In base 8, what is -2 - 11427?
-11431
In base 9, what is 0 + -61?
-61
In base 6, what is 20 - 21?
-1
In base 14, what is 8 - -84c?
856
In base 5, what is 124 + 1?
130
In base 10, what is 2 - -15?
17
In base 16, what is -5 + c?
7
In base 16, what is e + 11?
1f
In base 15, what is 2 + 18d?
190
In base 3, what is 12 - 10010?
-2221
In base 15, what is 56 - e?
47
In base 5, what is -202212 + 2?
-202210
In base 4, what is -10 - -221?
211
In base 4, what is -233 + 2310?
2011
In base 5, what is 10 - 102?
-42
In base 13, what is -20 - -12?
-b
In base 12, what is 6 - 13?
-9
In base 3, what is 1221111 + 11?
1221122
In base 5, what is 30 - 2?
23
In base 6, what is -3 - -32?
25
In base 3, what is -2 - 1111011?
-1111020
In base 3, what is 102001 - -1002?
110010
In base 8, what is 0 + -13?
-13
In base 8, what is 2 + 37?
41
In base 7, what is -5 + 146?
141
In base 15, what is 0 - -b?
b
In base 5, what is 2 - -211?
213
In base 13, what is -2 - -55?
53
In base 8, what is 1113 + -1?
1112
In base 10, what is -8749 - -3?
-8746
In base 13, what is -3 - 44?
-47
In base 5, what is 0 + 13341?
13341
In base 9, what is 15 - -74?
100
In base 15, what is -6 + -7e?
-85
In base 2, what is 110110 - 1?
110101
In base 14, what is 3 + -1499?
-1496
In base 16, what is -396 - 13?
-3a9
In base 13, what is -101 + 2?
-cc
In base 4, what is 33 - 203?
-110
In base 10, what is -1 + 42?
41
In base 6, what is 222 + -11?
211
In base 15, what is -66e + 0?
-66e
In base 16, what is 3 - -696?
699
In base 16, what is 3 - -942?
945
In base 2, what is 100 - 1001001?
-1000101
In base 9, what is 5 + -5350?
-5344
In base 15, what is -4 + 276?
272
In base 8, what is -221 - 12?
-233
In base 13, what is 2 - -1b?
20
In base 10, what is 2 - 41?
-39
In base 11, what is 3 + 14?
17
In base 9, what is 5 + 55?
61
In base 10, what is -1541 - 0?
-1541
In base 14, what is -1 - -237?
236
In base 3, what is -11 + -102210?
-102221
In base 14, what is 5 + -b2?
-ab
In base 14, what is -38 - 57?
-91
In base 3, what is 121000 - -11?
121011
In base 4, what is -12113 - -3?
-12110
In base 14, what is 0 - -768?
768
In base 3, what is -2 + 200100?
200021
In base 14, what is 4 - -11a8?
11ac
In base 13, what is 6 - 24?
-1b
In base 10, what is 4 + 2089?
2093
In base 3, what is 21002100 - 0?
21002100
In base 14, what is 49 - 8?
41
In base 8, what is 34 + -23?
11
In base 10, what is -2 - -2356?
2354
In base 10, what is 6 - 130?
-124
In base 10, what is 4 - -27?
31
In base 11, what is 2 - 70?
-69
In base 13, what is -14c - -18?
-134
In base 7, what is 6 - -2626?
2635
In base 7, what is -3 - -50?
44
In base 6, what is 32 + 4?
40
In base 7, what is 54 + -3?
51
In base 4, what is 0 - 2113?
-2113
In base 8, what is 1524 + -2?
1522
In base 4, what is -2111 - -1?
-2110
In base 14, what is -b482 - -1?
-b481
In base 16, what is -fd - 3?
-100
In base 13, what is -4a - -1?
-49
In base 14, what is -41 + 135?
d4
I